16 - 1 = 3*i, 2*i + 5*n - 10 = 0. Suppose -1 = -i*x + 29. What is the units digit of x?
6
Suppose 0*o + 3*o = 15. Suppose o*x + 1 - 26 = 0. What is the units digit of x?
5
Suppose -3*i - 9 - 3 = 0. Let r(v) = -v - 2. Let c be r(i). Suppose -c*y + t + 8 = 0, y + 4*t + 15 = 37. What is the units digit of y?
6
Let z be (-75)/(-5) + -2 + 1. Let f = 29 - z. What is the units digit of f?
5
Suppose 0 = 6*f - f - 25. What is the units digit of (3/(-2))/(f/(-10))?
3
Suppose -2*p = -3*o + 2*p + 18, 0 = -4*o + 4*p + 24. Suppose 4*v + o = 3*v. What is the units digit of ((-9)/v)/(3/6)?
3
Let a = 14 - 14. Suppose 0*y - 4*y + 2*i + 140 = a, 3*y - 110 = -i. What is the tens digit of y?
3
What is the tens digit of ((-2)/(-4))/((-8)/(-944))?
5
Let w = 22 - 15. What is the units digit of (w + 26)*(-1)/(-3)?
1
Suppose 0*y + 81 = -3*y. Let g be 16/9 - 6/y. Suppose 2*r - 4*d + d - 12 = 0, -5*d - 8 = -g*r. What is the units digit of r?
9
Suppose 5*u - u - 10 = 3*q, -5*u + 22 = q. Let h = 2 - 1. Let c = u + h. What is the units digit of c?
5
Let u(z) = z**3 - 12*z**2 + 2*z + 15. What is the units digit of u(12)?
9
Let b(n) = 3*n**2 + 12*n + 7. Let i(u) = -2*u**2 - 11*u - 8. Let m(c) = 3*b(c) + 4*i(c). What is the tens digit of m(11)?
2
Let q = -20 - -48. Suppose 0 = 5*i - i - q. What is the units digit of i?
7
Suppose -22 = -2*l + 4*o, -l = -2*l + 4*o + 19. Suppose l*i + 1 = 7. What is the units digit of i?
2
Suppose -123 = -3*g + 3*t, 0 = 2*t - 4 - 4. What is the units digit of g?
5
Let d(m) = -m**3 - m - 6*m**2 + 3*m + 7 + 13*m**2 + 6*m. What is the units digit of d(8)?
7
Let i(x) = -x**2 + 16*x + 8. Let o(a) = 3*a**2 - 33*a - 15. Let g(r) = -5*i(r) - 2*o(r). Suppose 0 = 3*c + 19 + 20. What is the units digit of g(c)?
3
Suppose -5*v + 29 = 9. Let o = -12 + v. Let z(y) = -y. What is the units digit of z(o)?
8
Let u = 76 + -28. Let m = u - 17. What is the units digit of m?
1
Suppose -3 = -2*w - 7, 4*y - 4*w = 16. Let g be 4/(6/(-54) - 0). What is the tens digit of (y - g)*1/2?
1
Let u = 43 + -23. What is the units digit of (u/(-12))/(1/(-3))?
5
What is the tens digit of ((-1)/3)/(13/(-1287))?
3
Suppose 0 = o + 9 - 25. Let x be 1*(1/(-3)*0 - 2). What is the units digit of 312/o + 1/x?
9
Suppose 0 = l + 3*l + 40. Let n = -4 - l. What is the units digit of n?
6
Let i = 15 + -9. What is the units digit of i/21 + (-66)/(-14)?
5
Suppose 2 + 6 = 4*n. Suppose 0 = -3*g + j + 6 - n, 4*g - 3*j - 2 = 0. What is the units digit of g?
2
Let a(m) = -m**2 - 4*m - 3. Let q be a(-4). Let k = q + -1. Let t = k + 7. What is the units digit of t?
3
Let y = -6 + -15. What is the units digit of (56/y)/((-2)/6)?
8
What is the units digit of -10*(-3)/(30/4)?
4
Suppose -i + 2*i = 95. What is the tens digit of i?
9
Let a(v) = v**2 - v - 1. Let k(b) = b**3 - 4*b**2 - 2*b - 4. Let d(o) = 2*a(o) - k(o). Let x be d(6). What is the units digit of 1 - (x + -2) - -4?
5
Suppose -5*n - 71 + 1 = 0. Let p = 23 + n. What is the units digit of p?
9
Let c = 5 - 0. Let k(z) = -z + 4. Let t be k(c). Let b = 0 - t. What is the units digit of b?
1
Suppose -5*s = 5*h - 70, 0 = -3*h + 4*s + 77. What is the tens digit of h?
1
Suppose -2*h + 0*h = 5*u - 157, -4*u = -20. What is the units digit of h?
6
Suppose 186 + 69 = 3*f. What is the units digit of f?
5
Suppose -2*l - 6 = -3*l. What is the units digit of (3/l)/((-1)/(-2))?
1
Suppose -5*b + 7 = -8. Suppose 0 = -2*z + 4*r - 8, 3*r - 8 = b*z + 7. Let y = 10 + z. What is the units digit of y?
4
Suppose -4*j - 4*h = -212, 0 = 3*j - 3*h + 2*h - 143. What is the units digit of j?
9
What is the tens digit of 2 + (-5 - -2) - -26?
2
Suppose -564 = -5*l - 4*u, -2*l - u + 244 = -4*u. What is the hundreds digit of l?
1
Let a(y) = 176*y**2 + 3*y - 3. What is the units digit of a(1)?
6
Let z = 4 + -5. Let l be z/2 + 91/2. What is the units digit of (l/(-10))/(6/(-8))?
6
Let u be (-2)/(-5) + 6/10. Let t = u - 0. What is the units digit of t?
1
Let p be (-12)/60 + (-18)/10. What is the units digit of (-40)/(-3) + p/6?
3
Let c(w) = -w**3 - 6*w**2 + 3*w - 6. Let p(f) = f**3 + 6*f**2 + 2*f + 5. Let r be p(-6). What is the tens digit of c(r)?
2
Let n = -7 + 4. What is the units digit of (-8)/n*(-9)/(-6)?
4
Let j(c) = 54*c - 1. Let a be j(-1). Let y = a + 81. What is the tens digit of y?
2
Let i(x) = 23*x**2 - 7*x - 8. What is the hundreds digit of i(-3)?
2
What is the units digit of (8634/66 - (-2)/11) + 3?
4
Let b be (-250)/(-7) - (-8)/28. Let a = b + -24. What is the tens digit of a?
1
Let h = 8 + -4. Let f = h - -3. What is the units digit of f?
7
Let l = 188 - 134. What is the tens digit of l?
5
Suppose 6*n - 446 = 538. What is the hundreds digit of n?
1
Let y be ((-11)/4)/((-2)/8). Let q = y - -8. What is the tens digit of q?
1
Suppose 5*b - 13 = -3*k, -4*b - b + 14 = 4*k. Suppose 0*p - p = -b. Suppose -11 = -y - p. What is the units digit of y?
9
What is the units digit of 12/9*228/8?
8
Let v = 19 + -3. Suppose -2*o + v = 2*o. What is the units digit of o?
4
Let n = 23 - 13. Suppose -2*r = n - 30. Let p = -1 + r. What is the units digit of p?
9
Suppose 65*t - 60*t = 440. What is the tens digit of t?
8
Let f be 6*3*2/12. Let n(l) = l**2 - 1. Let r be n(f). Suppose 4*s - 36 = -r. What is the units digit of s?
7
Let v(t) = -t**3 - 4*t**2 - 3*t - 1. Let r be v(-4). Let a = r - -16. What is the tens digit of a?
2
Let m(w) = w + 1. Let u be m(8). Let b = -2 + u. What is the units digit of b?
7
Let j(z) = z - 5. Let k be j(5). Suppose k = -6*p + 4*p + 10. Suppose -p*a - 4*v = -2*v - 42, 18 = 3*a + 3*v. What is the units digit of a?
0
Suppose -957 = -6*o + 81. What is the hundreds digit of o?
1
Let v = 18 + -4. What is the units digit of v?
4
Let d be (3 - 26/6)*-3. What is the units digit of (-120)/(-18)*18/d?
0
Suppose -3*z - 2*z = -15. Let p = z + -5. Let i = p + 14. What is the tens digit of i?
1
Let s be (-4 + -1)*(4 - 3). Let m = s + 9. What is the units digit of (-4)/6*(-54)/m?
9
Let h(i) = i**3 + 12*i**2 - 13*i + 9. Let u be (-246)/(-8) - (-27)/(-36). Let w = u + -43. What is the units digit of h(w)?
9
Suppose -2*r + 156 = -4*r. Let l = r + 49. Let u = l - -41. What is the tens digit of u?
1
Suppose 0 = -4*h + 2*h - 18. Let u = h - -14. What is the units digit of u/(-10) - 14/(-4)?
3
What is the tens digit of (-8)/28 - 394/(-7)?
5
Suppose -w - 30 = 4*w. Let v(g) = -7*g - 2. Let s be v(w). Suppose s = 4*k + 12. What is the units digit of k?
7
Let x(q) = -7*q - 42. What is the tens digit of x(-14)?
5
Let o(q) = q + 2. Let a be o(-6). Let y be ((-4)/(-2))/(a/(-26)). Let m = 20 - y. What is the units digit of m?
7
Let y = -24 + 10. Suppose 6*i - 100 = 2*i. Let n = i + y. What is the tens digit of n?
1
Suppose c = -5*d + 4*c + 86, -26 = -d + 5*c. What is the tens digit of d?
1
Let u(p) be the second derivative of p**5/20 + 5*p**4/12 + 2*p**3/3 + p**2/2 + 2*p. What is the units digit of u(-3)?
7
Let n = 2 + -19. Let b = 27 + n. What is the tens digit of b?
1
Let k = -110 + 63. Let m = k - -89. What is the units digit of m?
2
What is the units digit of ((-8)/(-10))/((-4)/(-10))?
2
Let v(x) = 2*x - 1. Let q be v(4). Suppose 0*j = j + q. Let z(y) = y**3 + 6*y**2 - 9*y - 7. What is the units digit of z(j)?
7
Let x(s) be the first derivative of 2*s**3 + s**2/2 - s + 2. Let d(i) = i**2 + 6*i - 6. Let c be d(-7). What is the units digit of x(c)?
6
Suppose 14*u = 11*u - 84. Let r = u + 46. What is the units digit of r?
8
Let a(v) = v**3 + 7*v**2 + 5*v - 1. Suppose -4*x = -2*c - 4, -6 = c + 2*x + 4. What is the units digit of a(c)?
5
Suppose 4*c - 41 = -13. What is the units digit of c?
7
Let c be (-104)/12 + (-1)/3. Let t = -7 - c. What is the units digit of t?
2
Let q be -6 + 1 + 2 - -5. Suppose 2*j = q*m + 16, 2*m = 4*j + 6*m. What is the units digit of j?
4
Let i = -3 + 5. What is the units digit of i?
2
Let f be ((-12)/(-8))/((-6)/8). Let z = f - -2. Suppose -p + 4*a + 1 = z, -2*p + 0*p = a - 20. What is the units digit of p?
9
Suppose -3 = 5*p - 4*p, 0 = -3*i + 4*p + 24. What is the units digit of i?
4
What is the units digit of 2/7 - (-162)/21?
8
Let y be (-24)/(-9) - 2/3. Suppose 35 = y*p - 19. What is the units digit of p?
7
Let v = -558 - -936. What is the hundreds digit of v?
3
Let s(n) = n**2 + 3*n + 4. Let j be s(-3). Suppose 3*v = j*b - 22, -2 = b - 4*v - 1. What is the u